{"id":4864,"date":"2026-04-29T14:45:14","date_gmt":"2026-04-29T12:45:14","guid":{"rendered":"https:\/\/helpack.eu\/shop\/uncategorized\/doypack-sacky-eco-plus-alu-pap-al-pe\/"},"modified":"2026-04-29T14:45:14","modified_gmt":"2026-04-29T12:45:14","slug":"doypack-sacky-eco-plus-alu-pap-al-pe","status":"publish","type":"product","link":"https:\/\/helpack.eu\/cs\/shop\/doypack-stand-up-pouch-cs\/doypack-sacky-eco-plus-alu-pap-al-pe\/","title":{"rendered":"Doypack s\u00e1\u010dky ECO PLUS ALU PAP\/AL\/PE"},"content":{"rendered":"<p>Pap\u00edrov\u00e9 s\u00e1\u010dky ECO PLUS ALU s vysokou z\u00e1pachovou, vlhkostn\u00ed a sv\u011btelnou bari\u00e9rou. Znovuuzav\u00edrateln\u00e9 balen\u00ed na zip. Tyto pytle, vyroben\u00e9 z PAP\/AL\/PE lamin\u00e1tu a podlo\u017een\u00e9 f\u00f3li\u00ed, se pou\u017e\u00edvaj\u00ed ke skladov\u00e1n\u00ed sypk\u00fdch nebo polosypk\u00fdch produkt\u016f vy\u017eaduj\u00edc\u00edch vysokou bari\u00e9ru. V\u00fdhody na\u0161ich EKO pap\u00edrov\u00fdch ta\u0161ek: Vysoce kvalitn\u00ed pap\u00edr na zip o tlou\u0161\u0165ce 40 mm \/ hlin\u00edk o tlou\u0161\u0165ce 8 mm \/ polyethylen o tlou\u0161\u0165ce 70 mm. Siln\u00e9 t\u011bsn\u011bn\u00ed o \u0161\u00ed\u0159ce p\u0159ibli\u017en\u011b 6 mm. Skl\u00e1dac\u00ed dno. \u0160irok\u00e1 \u0161k\u00e1la velikost\u00ed. Bezpe\u010dn\u00e9 pro potraviny. P\u0159\u00edklady pou\u017eit\u00ed: Pro balen\u00ed su\u0161en\u00e9ho ovoce, sem\u00ednek, \u010daje, chleba, sladkost\u00ed&#8230; S\u00e1\u010dky s mo\u017enost\u00ed dodate\u010dn\u00e9ho sva\u0159en\u00ed pomoc\u00ed tepeln\u00e9 sv\u00e1\u0159e\u010dky.<\/p>\n","protected":false},"excerpt":{"rendered":"<p>Pap\u00edrov\u00e9 s\u00e1\u010dky ECO PLUS ALU s vysokou z\u00e1pachovou, vlhkostn\u00ed a sv\u011btelnou bari\u00e9rou. Znovuuzav\u00edrateln\u00e9 balen\u00ed na zip. Tyto pytle, vyroben\u00e9 z<\/p>\n","protected":false},"featured_media":4839,"comment_status":"open","ping_status":"closed","template":"","meta":[],"product_brand":[],"product_cat":[575,594],"product_tag":[595,597,596,598],"class_list":{"0":"post-4864","1":"product","2":"type-product","3":"status-publish","4":"has-post-thumbnail","6":"product_cat-doypack-stand-up-pouch-cs","7":"product_cat-flexibilni-balici-sacky-a-folie","8":"product_tag-doypack-alu-cs","9":"product_tag-doypack-bag-kraft-cs","10":"product_tag-doypack-kraft-aluminium-cs","11":"product_tag-doypack-paper-kraft-cs","12":"pa_velikost-110x185x65-mm","13":"pa_velikost-130x225x70-mm","14":"pa_velikost-160x270x80-mm","15":"pa_velikost-180x290x80-mm","16":"pa_velikost-210x310x110-mm","17":"pa_velikost-250x335x130-mm","18":"pa_velikost-300x370x160-mm","19":"pa_velikost-85x145x50-mm","21":"first","22":"instock","23":"taxable","24":"shipping-taxable","25":"purchasable","26":"product-type-variable"},"jetpack_sharing_enabled":true,"_links":{"self":[{"href":"https:\/\/helpack.eu\/cs\/wp-json\/wp\/v2\/product\/4864","targetHints":{"allow":["GET"]}}],"collection":[{"href":"https:\/\/helpack.eu\/cs\/wp-json\/wp\/v2\/product"}],"about":[{"href":"https:\/\/helpack.eu\/cs\/wp-json\/wp\/v2\/types\/product"}],"replies":[{"embeddable":true,"href":"https:\/\/helpack.eu\/cs\/wp-json\/wp\/v2\/comments?post=4864"}],"wp:featuredmedia":[{"embeddable":true,"href":"https:\/\/helpack.eu\/cs\/wp-json\/wp\/v2\/media\/4839"}],"wp:attachment":[{"href":"https:\/\/helpack.eu\/cs\/wp-json\/wp\/v2\/media?parent=4864"}],"wp:term":[{"taxonomy":"product_brand","embeddable":true,"href":"https:\/\/helpack.eu\/cs\/wp-json\/wp\/v2\/product_brand?post=4864"},{"taxonomy":"product_cat","embeddable":true,"href":"https:\/\/helpack.eu\/cs\/wp-json\/wp\/v2\/product_cat?post=4864"},{"taxonomy":"product_tag","embeddable":true,"href":"https:\/\/helpack.eu\/cs\/wp-json\/wp\/v2\/product_tag?post=4864"}],"curies":[{"name":"wp","href":"https:\/\/api.w.org\/{rel}","templated":true}]}}

Doypack sáčky ECO PLUS ALU PAP/AL/PE

<p>Papírové sáčky ECO PLUS ALU s vysokou zápachovou, vlhkostní a světelnou bariérou. Znovuuzavíratelné balení na zip. Tyto pytle, vyrobené z PAP/AL/PE laminátu a podložené fólií, se používají ke skladování sypkých nebo polosypkých produktů vyžadujících vysokou bariéru. Výhody našich EKO papírových tašek: Vysoce kvalitní papír na zip o tloušťce 40 mm / hliník o tloušťce 8 mm / polyethylen o tloušťce 70 mm. Silné těsnění o šířce přibližně 6 mm. Skládací dno. Široká škála velikostí. Bezpečné pro potraviny. Příklady použití: Pro balení sušeného ovoce, semínek, čaje, chleba, sladkostí&#8230; Sáčky s možností dodatečného svaření pomocí tepelné svářečky.</p>

<p>Papírové sáčky ECO PLUS ALU s vysokou zápachovou, vlhkostní a světelnou bariérou. Znovuuzavíratelné balení na zip. Tyto pytle, vyrobené z</p>
