{"id":4866,"date":"2026-04-29T14:45:14","date_gmt":"2026-04-29T12:45:14","guid":{"rendered":"https:\/\/helpack.eu\/shop\/uncategorized\/doypack-poser-eco-plus-alu-pap-al-pe\/"},"modified":"2026-04-29T14:45:14","modified_gmt":"2026-04-29T12:45:14","slug":"doypack-poser-eco-plus-alu-pap-al-pe","status":"publish","type":"product","link":"https:\/\/helpack.eu\/da\/shop\/doypack-stand-up-pouch-da\/doypack-poser-eco-plus-alu-pap-al-pe\/","title":{"rendered":"Doypack-poser ECO PLUS ALU PAP\/AL\/PE"},"content":{"rendered":"<p>ECO PLUS ALU papirposer med h\u00f8j lugt-, fugt- og lysbarriere. Genlukkelig lynl\u00e5semballage. Disse poser er fremstillet af PAP\/AL\/PE-laminat og foret med folie indvendigt. De bruges til opbevaring af l\u00f8se eller halvl\u00f8se produkter, der kr\u00e6ver en h\u00f8j barriere. Fordele ved vores ECO-papirposer: H\u00f8j kvalitets 40 mm tykt lynl\u00e5spapir \/ 8 mm tykt aluminium \/ 70 mm tyk polyethylen. St\u00e6rke forseglinger, ca. 6 mm brede. Foldbar bund. Bredt udvalg af st\u00f8rrelser. F\u00f8devaresikker. Eksempler p\u00e5 anvendelse: Til emballering af t\u00f8rret frugt, fr\u00f8, te, br\u00f8d, slik&#8230; Poser med mulighed for yderligere forsegling med en varmeforsegler.         <\/p>\n","protected":false},"excerpt":{"rendered":"<p>ECO PLUS ALU papirposer med h\u00f8j lugt-, fugt- og lysbarriere. Genlukkelig lynl\u00e5semballage. Disse poser er fremstillet af PAP\/AL\/PE-laminat og foret<\/p>\n","protected":false},"featured_media":4840,"comment_status":"open","ping_status":"closed","template":"","meta":[],"product_brand":[],"product_cat":[513,599],"product_tag":[600,602,601,603],"class_list":{"0":"post-4866","1":"product","2":"type-product","3":"status-publish","4":"has-post-thumbnail","6":"product_cat-doypack-stand-up-pouch-da","7":"product_cat-fleksible-emballageposer-og-film","8":"product_tag-doypack-alu-da","9":"product_tag-doypack-bag-kraft-da","10":"product_tag-doypack-kraft-aluminium-da","11":"product_tag-doypack-paper-kraft-da","12":"pa_velikost-110x185x65-mm","13":"pa_velikost-130x225x70-mm","14":"pa_velikost-160x270x80-mm","15":"pa_velikost-180x290x80-mm","16":"pa_velikost-210x310x110-mm","17":"pa_velikost-250x335x130-mm","18":"pa_velikost-300x370x160-mm","19":"pa_velikost-85x145x50-mm","21":"first","22":"instock","23":"taxable","24":"shipping-taxable","25":"purchasable","26":"product-type-variable"},"jetpack_sharing_enabled":true,"_links":{"self":[{"href":"https:\/\/helpack.eu\/da\/wp-json\/wp\/v2\/product\/4866","targetHints":{"allow":["GET"]}}],"collection":[{"href":"https:\/\/helpack.eu\/da\/wp-json\/wp\/v2\/product"}],"about":[{"href":"https:\/\/helpack.eu\/da\/wp-json\/wp\/v2\/types\/product"}],"replies":[{"embeddable":true,"href":"https:\/\/helpack.eu\/da\/wp-json\/wp\/v2\/comments?post=4866"}],"wp:featuredmedia":[{"embeddable":true,"href":"https:\/\/helpack.eu\/da\/wp-json\/wp\/v2\/media\/4840"}],"wp:attachment":[{"href":"https:\/\/helpack.eu\/da\/wp-json\/wp\/v2\/media?parent=4866"}],"wp:term":[{"taxonomy":"product_brand","embeddable":true,"href":"https:\/\/helpack.eu\/da\/wp-json\/wp\/v2\/product_brand?post=4866"},{"taxonomy":"product_cat","embeddable":true,"href":"https:\/\/helpack.eu\/da\/wp-json\/wp\/v2\/product_cat?post=4866"},{"taxonomy":"product_tag","embeddable":true,"href":"https:\/\/helpack.eu\/da\/wp-json\/wp\/v2\/product_tag?post=4866"}],"curies":[{"name":"wp","href":"https:\/\/api.w.org\/{rel}","templated":true}]}}

<p>ECO PLUS ALU papirposer med høj lugt-, fugt- og lysbarriere. Genlukkelig lynlåsemballage. Disse poser er fremstillet af PAP/AL/PE-laminat og foret med folie indvendigt. De bruges til opbevaring af løse eller halvløse produkter, der kræver en høj barriere. Fordele ved vores ECO-papirposer: Høj kvalitets 40 mm tykt lynlåspapir / 8 mm tykt aluminium / 70 mm tyk polyethylen. Stærke forseglinger, ca. 6 mm brede. Foldbar bund. Bredt udvalg af størrelser. Fødevaresikker. Eksempler på anvendelse: Til emballering af tørret frugt, frø, te, brød, slik&#8230; Poser med mulighed for yderligere forsegling med en varmeforsegler.         </p>

<p>ECO PLUS ALU papirposer med høj lugt-, fugt- og lysbarriere. Genlukkelig lynlåsemballage. Disse poser er fremstillet af PAP/AL/PE-laminat og foret</p>
