{"id":4825,"date":"2026-04-29T11:15:33","date_gmt":"2026-04-29T09:15:33","guid":{"rendered":"https:\/\/helpack.eu\/shop\/uncategorized\/allo-tasak-doypack-eco-kis-ablakos-plus-pap-pet-pe-konnyen-nyithato\/"},"modified":"2026-04-29T12:52:43","modified_gmt":"2026-04-29T10:52:43","slug":"allo-tasak-doypack-eco-kis-ablakos-plus-pap-pet-pe-konnyen-nyithato","status":"publish","type":"product","link":"https:\/\/helpack.eu\/hu\/shop\/doypack-stand-up-pouch-hu\/allo-tasak-doypack-eco-kis-ablakos-plus-pap-pet-pe-konnyen-nyithato\/","title":{"rendered":"\u00c1ll\u00f3 tasak doypack ECO KIS ABLAKOS PLUS PAP\/PET\/PE + k\u00f6nnyen nyithat\u00f3"},"content":{"rendered":"<p>\u00d6KO PAP\u00cdR zacsk\u00f3k rejtett ablakkal \u00e9s cipz\u00e1ras z\u00e1rral, otthoni haszn\u00e1latra tervezve. Ezek a zacsk\u00f3k f\u00f3liabevonat\u00fa pap\u00edrb\u00f3l k\u00e9sz\u00fcltek, \u00e9s k\u00f6nny\u0171, perem n\u00e9lk\u00fcli term\u00e9kek t\u00e1rol\u00e1s\u00e1ra tervezt\u00e9k. A zacsk\u00f3k vastags\u00e1ga \u00e9s az alj m\u00e9rete a csomagol\u00e1st\u00f3l f\u00fcgg. Maxim\u00e1lis terhelhet\u0151s\u00e9g: 50 gramm. Felh\u00edvjuk figyelm\u00e9t, hogy m\u00e1s term\u00e9kekkel kapcsolatos reklam\u00e1ci\u00f3t nem fogadunk el. A zacsk\u00f3k zs\u00edros \u00e9s arom\u00e1s term\u00e9kekhez haszn\u00e1lhat\u00f3k. A zacsk\u00f3k 6 m\u00e9retben (ml) kaphat\u00f3k: 100, 250, 500, 750, 1000, 2000 F\u00fcgg\u0151leges hegeszt\u00e9si sz\u00e9less\u00e9g: 5 mm +\/- 1 mm \u00d6KO KIS ABLAKOS pap\u00edrzacsk\u00f3ink el\u0151nyei: &#8211; kiv\u00e1l\u00f3 min\u0151s\u00e9g\u0171 megold\u00e1sok &#8211; PAP\u00cdR 45\/PET 12\/CPP 30 &#8211; kb. 6-7 mm-es er\u0151s hegeszt\u00e9si varratok &#8211; \u00f6sszecsukhat\u00f3 alj &#8211; sz\u00e9les m\u00e9retv\u00e1laszt\u00e9k &#8211; szabv\u00e1nyos bev\u00e1g\u00e1s a k\u00f6nny\u0171 nyit\u00e1s \u00e9rdek\u00e9ben &#8211; \u00e9lelmiszerrel val\u00f3 \u00e9rintkez\u00e9sre j\u00f3v\u00e1hagyva H\u0151z\u00e1ras zacsk\u00f3k. Alkalmaz\u00e1si p\u00e9ld\u00e1k: f\u0171szerek, aszalt gy\u00fcm\u00f6lcs\u00f6k, magvak, tea, \u00edzes\u00edt\u0151k, sz\u00e1r\u00edtott f\u0171szern\u00f6v\u00e9nyek, \u00e9dess\u00e9gek&#8230; ECO SMALL WINDOW pap\u00edrzacsk\u00f3ink el\u0151nyei: &#8211; kiv\u00e1l\u00f3 min\u0151s\u00e9g\u0171 cipz\u00e1r &#8211; PAPER 45\/PET 12\/CPP 30 &#8211; er\u0151s z\u00e1r\u00f3d\u00e1s, kb. 6-7 mm sz\u00e9les &#8211; \u00f6sszecsukhat\u00f3 alj &#8211; sz\u00e9les m\u00e9retv\u00e1laszt\u00e9k &#8211; szabv\u00e1nyos bev\u00e1g\u00e1s a k\u00f6nny\u0171 nyit\u00e1s \u00e9rdek\u00e9ben &#8211; \u00e9lelmiszerbiztons\u00e1gos          <\/p>\n","protected":false},"excerpt":{"rendered":"<p>\u00d6KO PAP\u00cdR zacsk\u00f3k rejtett ablakkal \u00e9s cipz\u00e1ras z\u00e1rral, otthoni haszn\u00e1latra tervezve. Ezek a zacsk\u00f3k f\u00f3liabevonat\u00fa pap\u00edrb\u00f3l k\u00e9sz\u00fcltek, \u00e9s k\u00f6nny\u0171, perem<\/p>\n","protected":false},"featured_media":4801,"comment_status":"open","ping_status":"closed","template":"","meta":[],"product_brand":[],"product_cat":[536],"product_tag":[539,540,537,538],"class_list":{"0":"post-4825","1":"product","2":"type-product","3":"status-publish","4":"has-post-thumbnail","6":"product_cat-doypack-stand-up-pouch-hu","7":"product_tag-doypack-hu","8":"product_tag-doypack-bag-hu","9":"product_tag-doypack-eco-hu","10":"product_tag-doypack-stand-up-pouches-kraft-paper","11":"pa_velikost-110x185x65-mm","12":"pa_velikost-130x225x70-mm","13":"pa_velikost-160x270x80-mm","14":"pa_velikost-180x290x80-mm","15":"pa_velikost-210x310x110-mm","16":"pa_velikost-250x335x130-mm","17":"pa_velikost-85x145x50-mm","19":"first","20":"instock","21":"taxable","22":"shipping-taxable","23":"purchasable","24":"product-type-variable"},"jetpack_sharing_enabled":true,"_links":{"self":[{"href":"https:\/\/helpack.eu\/hu\/wp-json\/wp\/v2\/product\/4825","targetHints":{"allow":["GET"]}}],"collection":[{"href":"https:\/\/helpack.eu\/hu\/wp-json\/wp\/v2\/product"}],"about":[{"href":"https:\/\/helpack.eu\/hu\/wp-json\/wp\/v2\/types\/product"}],"replies":[{"embeddable":true,"href":"https:\/\/helpack.eu\/hu\/wp-json\/wp\/v2\/comments?post=4825"}],"wp:featuredmedia":[{"embeddable":true,"href":"https:\/\/helpack.eu\/hu\/wp-json\/wp\/v2\/media\/4801"}],"wp:attachment":[{"href":"https:\/\/helpack.eu\/hu\/wp-json\/wp\/v2\/media?parent=4825"}],"wp:term":[{"taxonomy":"product_brand","embeddable":true,"href":"https:\/\/helpack.eu\/hu\/wp-json\/wp\/v2\/product_brand?post=4825"},{"taxonomy":"product_cat","embeddable":true,"href":"https:\/\/helpack.eu\/hu\/wp-json\/wp\/v2\/product_cat?post=4825"},{"taxonomy":"product_tag","embeddable":true,"href":"https:\/\/helpack.eu\/hu\/wp-json\/wp\/v2\/product_tag?post=4825"}],"curies":[{"name":"wp","href":"https:\/\/api.w.org\/{rel}","templated":true}]}}

Álló tasak doypack ECO KIS ABLAKOS PLUS PAP/PET/PE + könnyen nyitható

<p>ÖKO PAPÍR zacskók rejtett ablakkal és cipzáras zárral, otthoni használatra tervezve. Ezek a zacskók fóliabevonatú papírból készültek, és könnyű, perem nélküli termékek tárolására tervezték. A zacskók vastagsága és az alj mérete a csomagolástól függ. Maximális terhelhetőség: 50 gramm. Felhívjuk figyelmét, hogy más termékekkel kapcsolatos reklamációt nem fogadunk el. A zacskók zsíros és aromás termékekhez használhatók. A zacskók 6 méretben (ml) kaphatók: 100, 250, 500, 750, 1000, 2000 Függőleges hegesztési szélesség: 5 mm +/- 1 mm ÖKO KIS ABLAKOS papírzacskóink előnyei: &#8211; kiváló minőségű megoldások &#8211; PAPÍR 45/PET 12/CPP 30 &#8211; kb. 6-7 mm-es erős hegesztési varratok &#8211; összecsukható alj &#8211; széles méretválaszték &#8211; szabványos bevágás a könnyű nyitás érdekében &#8211; élelmiszerrel való érintkezésre jóváhagyva Hőzáras zacskók. Alkalmazási példák: fűszerek, aszalt gyümölcsök, magvak, tea, ízesítők, szárított fűszernövények, édességek&#8230; ECO SMALL WINDOW papírzacskóink előnyei: &#8211; kiváló minőségű cipzár &#8211; PAPER 45/PET 12/CPP 30 &#8211; erős záródás, kb. 6-7 mm széles &#8211; összecsukható alj &#8211; széles méretválaszték &#8211; szabványos bevágás a könnyű nyitás érdekében &#8211; élelmiszerbiztonságos          </p>

<p>ÖKO PAPÍR zacskók rejtett ablakkal és cipzáras zárral, otthoni használatra tervezve. Ezek a zacskók fóliabevonatú papírból készültek, és könnyű, perem</p>
