{"id":4867,"date":"2026-04-29T14:45:14","date_gmt":"2026-04-29T12:45:14","guid":{"rendered":"https:\/\/helpack.eu\/shop\/uncategorized\/doypack-tasakok-eco-plus-alu-pap-al-pe\/"},"modified":"2026-04-29T14:45:14","modified_gmt":"2026-04-29T12:45:14","slug":"doypack-tasakok-eco-plus-alu-pap-al-pe","status":"publish","type":"product","link":"https:\/\/helpack.eu\/hu\/shop\/doypack-stand-up-pouch-hu\/doypack-tasakok-eco-plus-alu-pap-al-pe\/","title":{"rendered":"Doypack tasakok ECO PLUS ALU PAP\/AL\/PE"},"content":{"rendered":"<p>ECO PLUS ALU pap\u00edrzacsk\u00f3k magas szag-, nedvess\u00e9g- \u00e9s f\u00e9nyz\u00e1r\u00e1ssal. \u00dajraz\u00e1rhat\u00f3 cipz\u00e1ras csomagol\u00e1s. PAP\/AL\/PE lamin\u00e1tumb\u00f3l k\u00e9sz\u00fclt \u00e9s f\u00f3liabels\u0151vel b\u00e9lelt, ezek a zacsk\u00f3k laza vagy f\u00e9lig laza term\u00e9kek t\u00e1rol\u00e1s\u00e1ra szolg\u00e1lnak, amelyek magas z\u00e1r\u00e1st ig\u00e9nyelnek. ECO pap\u00edrzacsk\u00f3ink el\u0151nyei: Kiv\u00e1l\u00f3 min\u0151s\u00e9g\u0171, 40 mm vastag cipz\u00e1ras pap\u00edr \/ 8 mm vastag alum\u00ednium \/ 70 mm vastag polietil\u00e9n. Er\u0151s, kb. 6 mm sz\u00e9les z\u00e1r\u00e1sok. \u00d6sszecsukhat\u00f3 alj. Sz\u00e9les m\u00e9retv\u00e1laszt\u00e9k. \u00c9lelmiszerbiztons\u00e1gos. Felhaszn\u00e1l\u00e1si p\u00e9ld\u00e1k: Aszalt gy\u00fcm\u00f6lcs\u00f6k, magvak, tea, keny\u00e9r, \u00e9dess\u00e9gek csomagol\u00e1s\u00e1ra&#8230; Zs\u00e1kok h\u0151f\u00f3li\u00e1val t\u00f6rt\u00e9n\u0151 tov\u00e1bbi lez\u00e1r\u00e1si lehet\u0151s\u00e9ggel.         <\/p>\n","protected":false},"excerpt":{"rendered":"<p>ECO PLUS ALU pap\u00edrzacsk\u00f3k magas szag-, nedvess\u00e9g- \u00e9s f\u00e9nyz\u00e1r\u00e1ssal. \u00dajraz\u00e1rhat\u00f3 cipz\u00e1ras csomagol\u00e1s. PAP\/AL\/PE lamin\u00e1tumb\u00f3l k\u00e9sz\u00fclt \u00e9s f\u00f3liabels\u0151vel b\u00e9lelt, ezek a<\/p>\n","protected":false},"featured_media":4846,"comment_status":"open","ping_status":"closed","template":"","meta":[],"product_brand":[],"product_cat":[536,604],"product_tag":[605,607,606,608],"class_list":{"0":"post-4867","1":"product","2":"type-product","3":"status-publish","4":"has-post-thumbnail","6":"product_cat-doypack-stand-up-pouch-hu","7":"product_cat-rugalmas-csomagolozsakok-es-foliak","8":"product_tag-doypack-alu-hu","9":"product_tag-doypack-bag-kraft-hu","10":"product_tag-doypack-kraft-aluminium-hu","11":"product_tag-doypack-paper-kraft-hu","12":"pa_velikost-110x185x65-mm","13":"pa_velikost-130x225x70-mm","14":"pa_velikost-160x270x80-mm","15":"pa_velikost-180x290x80-mm","16":"pa_velikost-210x310x110-mm","17":"pa_velikost-250x335x130-mm","18":"pa_velikost-300x370x160-mm","19":"pa_velikost-85x145x50-mm","21":"first","22":"instock","23":"taxable","24":"shipping-taxable","25":"purchasable","26":"product-type-variable"},"jetpack_sharing_enabled":true,"_links":{"self":[{"href":"https:\/\/helpack.eu\/hu\/wp-json\/wp\/v2\/product\/4867","targetHints":{"allow":["GET"]}}],"collection":[{"href":"https:\/\/helpack.eu\/hu\/wp-json\/wp\/v2\/product"}],"about":[{"href":"https:\/\/helpack.eu\/hu\/wp-json\/wp\/v2\/types\/product"}],"replies":[{"embeddable":true,"href":"https:\/\/helpack.eu\/hu\/wp-json\/wp\/v2\/comments?post=4867"}],"wp:featuredmedia":[{"embeddable":true,"href":"https:\/\/helpack.eu\/hu\/wp-json\/wp\/v2\/media\/4846"}],"wp:attachment":[{"href":"https:\/\/helpack.eu\/hu\/wp-json\/wp\/v2\/media?parent=4867"}],"wp:term":[{"taxonomy":"product_brand","embeddable":true,"href":"https:\/\/helpack.eu\/hu\/wp-json\/wp\/v2\/product_brand?post=4867"},{"taxonomy":"product_cat","embeddable":true,"href":"https:\/\/helpack.eu\/hu\/wp-json\/wp\/v2\/product_cat?post=4867"},{"taxonomy":"product_tag","embeddable":true,"href":"https:\/\/helpack.eu\/hu\/wp-json\/wp\/v2\/product_tag?post=4867"}],"curies":[{"name":"wp","href":"https:\/\/api.w.org\/{rel}","templated":true}]}}

<p>ECO PLUS ALU papírzacskók magas szag-, nedvesség- és fényzárással. Újrazárható cipzáras csomagolás. PAP/AL/PE laminátumból készült és fóliabelsővel bélelt, ezek a zacskók laza vagy félig laza termékek tárolására szolgálnak, amelyek magas zárást igényelnek. ECO papírzacskóink előnyei: Kiváló minőségű, 40 mm vastag cipzáras papír / 8 mm vastag alumínium / 70 mm vastag polietilén. Erős, kb. 6 mm széles zárások. Összecsukható alj. Széles méretválaszték. Élelmiszerbiztonságos. Felhasználási példák: Aszalt gyümölcsök, magvak, tea, kenyér, édességek csomagolására&#8230; Zsákok hőfóliával történő további lezárási lehetőséggel.         </p>

<p>ECO PLUS ALU papírzacskók magas szag-, nedvesség- és fényzárással. Újrazárható cipzáras csomagolás. PAP/AL/PE laminátumból készült és fóliabelsővel bélelt, ezek a</p>
